15, what is -367 - -43b?
c4
In base 8, what is 14605 + -2?
14603
In base 7, what is -25 + -1023?
-1051
In base 15, what is 15b + -162?
-6
In base 4, what is 121320 - -212?
122132
In base 2, what is -1111 - 10101111011?
-10110001010
In base 7, what is 365 - 10250?
-6552
In base 15, what is 2c - -4e1?
51d
In base 14, what is 9456 - 4?
9452
In base 7, what is -15654 - 4?
-15661
In base 14, what is -19339 + 5?
-19334
In base 8, what is -6635 + -2001?
-10636
In base 6, what is -33513 + 40?
-33433
In base 14, what is -56 - -bd8a?
bd34
In base 16, what is e9 - 23b5?
-22cc
In base 13, what is -355ca - -3?
-355c7
In base 10, what is 2036 - -29?
2065
In base 3, what is 122 + 12122120?
12200012
In base 13, what is -3002 - -1?
-3001
In base 6, what is 435211 - 4?
435203
In base 11, what is 5 - -2279?
2283
In base 12, what is -347b7 + 2?
-347b5
In base 13, what is -139 - 118?
-254
In base 11, what is 5a058 + 2?
5a05a
In base 11, what is -151 - 131?
-282
In base 5, what is 3200341340 - 1?
3200341334
In base 4, what is -1210 - -2220210?
2213000
In base 10, what is 3811337 + -3?
3811334
In base 5, what is 110 + -3411401?
-3411241
In base 9, what is -3346 - -4?
-3342
In base 7, what is -12344525 + 2?
-12344523
In base 14, what is 31956 + -22?
31934
In base 10, what is 32 + -787?
-755
In base 16, what is -43127 - -2?
-43125
In base 4, what is 220103203 - -2?
220103211
In base 2, what is -10111101010 + 100?
-10111100110
In base 9, what is 33818 - -215?
34134
In base 3, what is 10000220012 - -2002?
10000222021
In base 15, what is 1d4d11 + 1?
1d4d12
In base 2, what is -10 - 101001?
-101011
In base 3, what is -11 + 2221002?
2220221
In base 10, what is 25 + -4510?
-4485
In base 15, what is 7 - 1c8ba?
-1c8b3
In base 3, what is -1212 + 101101010?
101022021
In base 9, what is 15 + -13704?
-13678
In base 5, what is -43332 + -23?
-43410
In base 14, what is d8d + -19?
d74
In base 11, what is -1756a - -5?
-17565
In base 13, what is -734a - -7?
-7343
In base 15, what is -4 + -709c?
-70a1
In base 15, what is -18d - 103?
-291
In base 11, what is -176aa12 + -2?
-176aa14
In base 6, what is 20101 + 4?
20105
In base 6, what is -35103 + 15?
-35044
In base 11, what is -621 - 3a8?
-a19
In base 6, what is 5 + 2221420?
2221425
In base 11, what is -10a60 + 15?
-10a46
In base 7, what is -13 + -216321?
-216334
In base 6, what is -4 - 124420?
-124424
In base 14, what is 286 + -11c?
168
In base 4, what is -20332 + 201230?
120232
In base 13, what is -a2 - 96?
-168
In base 3, what is 20 - 2002002121?
-2002002101
In base 14, what is 4 - 31c364?
-31c360
In base 13, what is 5 + -6c4b?
-6c46
In base 12, what is -9014 - -2?
-9012
In base 9, what is -35 + -3064?
-3110
In base 9, what is -3666 + 767?
-2788
In base 6, what is 1510 - 100341?
-54431
In base 10, what is 5 - 392893?
-392888
In base 13, what is -4557 - 8b?
-4615
In base 16, what is 2095c - -1?
2095d
In base 8, what is 0 + 450140?
450140
In base 2, what is 100 + 101001000000001?
101001000000101
In base 12, what is 57 + -1065?
-100a
In base 8, what is 3 - 2552?
-2547
In base 9, what is 15875 - -4?
15880
In base 12, what is 13 + -2077?
-2064
In base 9, what is 4 + 107501?
107505
In base 9, what is 132017 + 3?
132021
In base 15, what is -1117a8 - 3?
-1117ab
In base 5, what is 140301 - 41?
140210
In base 8, what is 266 - -10?
276
In base 4, what is -11 + 1320321200?
1320321123
In base 5, what is 44 - -423?
1022
In base 10, what is -4 - 12410?
-12414
In base 5, what is -2 - 1423230?
-1423232
In base 7, what is 13620 - -112?
14032
In base 8, what is 57031 + -35?
56774
In base 16, what is 2f - 3e?
-f
In base 8, what is 11 - -166417?
166430
In base 12, what is 232521 - 5?
232518
In base 2, what is 1010101101000001 - 1?
1010101101000000
In base 10, what is -3121166 - 4?
-3121170
In base 5, what is 1 + 1012140?
1012141
In base 6, what is -54 - -522?
424
In base 3, what is -1201011001 + -11?
-1201011012
In base 8, what is 175472 + -43?
175427
In base 12, what is -1 - 16a697?
-16a698
In base 10, what is -657 + -10?
-667
In base 5, what is -1123210 + -2?
-1123212
In base 11, what is 5 - 10170?
-10166
In base 13, what is -251 + 4c3?
272
In base 14, what is -149ab + -5?
-149b2
In base 10, what is -23811 + 4?
-23807
In base 8, what is 120 + 2571?
2711
In base 11, what is -95 + 2482?
2398
In base 9, what is -2 - -17260?
17257
In base 5, what is -3334222 + -10?
-3334232
In base 4, what is 10 + 10213300001?
10213300011
In base 14, what is bdcd - 2?
bdcb
In base 9, what is -18433 - 1?
-18434
In base 2, what is 1111110010011 + 101?
1111110011000
In base 14, what is -3 - -11babc?
11bab9
In base 2, what is -1 + -1011110100001111000?
-1011110100001111001
In base 10, what is -1 + 1906?
1905
In base 4, what is 102312212133 + -3?
102312212130
In base 12, what is 22 - -187?
1a9
In base 9, what is -3257144 + -4?
-3257148
In base 3, what is -212 - 102102?
-110021
In base 8, what is 26 + -77?
-51
In base 6, what is 4 - -443510?
443514
In base 14, what is -a4 + 1247?
1183
In base 3, what is 11202 + -21220010?
-21201101
In base 12, what is -12 + -4a2?
-4b4
In base 14, what is 6c - -349?
3b7
In base 9, what is -42062 - -10?
-42052
In base 9, what is -1237475 - -5?
-1237470
In base 12, what is 8b1 - -54?
945
In base 16, what is 3 - -db?
de
In base 12, what is -463 - -176?
-2a9
In base 5, what is -20 + 231423?
231403
In base 7, what is 660540 - 52?
660455
In base 4, what is -12030130 + -1?
-12030131
In base 2, what is 1101110001101111001 + -101?
1101110001101110100
In base 9, what is -174 - -1075?
801
In base 13, what is 595 - -587?
b4c
In base 12, what is -a3 + -2?
-a5
In base 7, what is -3 - 1121634?
-1121640
In base 10, what is -839 - 485?
-1324
In base 16, what is 3 + 4664?
4667
In base 15, what is -235c - -16?
-2346
In base 13, what is -1276a + -3?
-12770
In base 2, what is 100110111111111010001 - 11?
100110111111111001110
In base 4, what is -1 - 331121?
-331122
In base 7, what is -64 - 31342?
-31436
In base 3, what is 200000 - 22001?
100222
In base 9, what is 1103 - 637?
355
In base 16, what is 1443c - -25?
14461
In base 6, what is -11253141 - 5?
-11253150
In base 11, what is -135a - 3?
-1362
In base 12, what is 1b37 - -9?
1b44
In base 13, what is -1c - -1c09?
1bba
In base 11, what is -6194 - 37?
-6220
In base 10, what is 5 + 2641?
2646
In base 2, what is 1100011010 + 11101100?
10000000110
In base 3, what is -12 - 101101020022?
-101101020111
In base 3, what is 1 - -102221011?
102221012
In base 2, what is -10101 - 10100110111000?
-10100111001101
In base 8, what is 25457 + 14?
25473
In base 7, what is 221 + -2451?
-2230
In base 6, what is -21345 - 23?
-21412
In base 12, what is 599ab - -8?
599b7
In base 10, what is -2946 + 9?
-2937
In base 2, what is -111011010 - 1000001?
-1000011011
In base 3, what is -11 - -11222201?
11222120
In base 13, what is -796 - -122?
-674
In base 16, what is -44f - 151?
-5a0
In base 10, what is 21113 + -9?
21104
In base 15, what is 8d3 + 21?
904
In base 12, what is a93 - 12?
a81
In base 15, what is 12cb8 + -3?
12cb5
In base 4, what is 1133011 + -21?
1132330
In base 12, what is 27ab9 + 4?
27b01
In base 12, what is 1 - 59aa?
-59a9
In base 15, what is -50 + -324?
-374
In base 13, what is -72 - b8c?
-c31
In base 5, what is 3 + 110310202?
110310210
In base 8, what is 4 + -53447?
-53443
In base 15, what is 64559 - c?
6454c
In base 12, what is -9a - 24?
-102
In base 13, what is -1 + -6ca3?
-6ca4
In base 5, what is -101 - 14221413?
-14222014
In base 4, what is -332210033 - -10?
-332210023
In base 9, what is -15518 + 46?
-15462
In base 4, what is 101100112 - -11?
101100123
In base 15, what is 5 - -2a54?
2a59
In base 7, what is -55120 + -3?
-55123
In base 10, what is -3823 - 15?
-3838
In base 5, what is 3214 + -1423?
1241
In base 10, what is -19591 + -1?
-19592
In base 7, what is 5300 - -300?
5600
In base 2, what is 10010010110011 + -1100100?
10010001001111
In base 13, what is -5690 + -6?
-5696
In base 14, what is 1261a6c - -3?
1261a71
In base 8, what is 277 - -3442?
3741
In base 15, what is -68 + -472?
-4da
In base 11, what is -2a021 + -18?
-2a039
In base 3, what is -201122220100 + -11?
-201122220111
In base 6, what is -245 - 1025?
-1314
In base 12, what is 3 + -3ab00?
-3aab9
In base 2, what is 1011100100010 - -101001?
1011101001011
In base 3, wha